d by (-4)/(-18) + 25/9?
1
Let r(w) = w - 3. Let s = 5 - -5. What is the remainder when r(s) is divided by 3?
1
Suppose 0 = 10*b - 441 - 159. Let u(p) = p**2 + 2*p + 3. Let r be u(-2). Suppose l + r*l = b. What is the remainder when 56 is divided by l?
11
Suppose m + 3*b - 6 = -2*m, -2*m - 4*b + 14 = 0. Calculate the remainder when -2 - -31*(-3)/m is divided by (6/(-10) + -1)*-5.
5
Let x = -47 - -82. Let r(o) = -16*o - 1. Let y be r(4). What is the remainder when x is divided by (-13)/(y/30)*6/4?
8
Let r(z) = 6*z + 5. Let p = 7 + 1. Suppose -6*y + 4*y + p = 0. Calculate the remainder when 113 is divided by r(y).
26
Calculate the remainder when 210 is divided by (18/(-4))/((-5)/320*4).
66
Suppose -u - 2 = -2*a + 3, 4*u = 4*a. Suppose 0*c - 3*c = -m, -3*m = -2*c. What is the remainder when c + 0 + (-26)/(-2) is divided by a?
3
Let y = 130 + -108. Calculate the remainder when 82 is divided by y.
16
Let q(r) be the second derivative of 13/2*r**2 + 1/12*r**4 + 4/3*r**3 + r + 0. Calculate the remainder when 38 is divided by q(-8).
12
Let q(s) = 6 + s**3 - 15 + 2*s**2 - 11*s**2 + 11*s. What is the remainder when q(8) is divided by 0 - (-3 + -4 - -1)?
3
Suppose 0 = -3*g - 2*i + 60, 3*i = -5*g + 39 + 60. Calculate the remainder when 323 is divided by g.
17
Let f = -51 - -75. Suppose -5*r = -f - 6. Calculate the remainder when 11 is divided by r.
5
Let p = 1989 + -1558. What is the remainder when p is divided by 29?
25
Suppose 2*i = -2*f - 4, 2*f + 0*f = -i - 2. Let h = -2 - -7. Suppose r = -0*r + h*o + 27, -r - 3*o - 13 = f. Calculate the remainder when 7 is divided by r.
1
Let s = -84 + 86. Calculate the remainder when s/(-11) + (-8176)/(-77) is divided by 36.
34
Calculate the remainder when (-9)/1*1 + 98 is divided by 26 + (-5)/((-10)/(-4)).
17
Let g(d) = d**3 - 6*d**2 + 5*d. Let y be g(5). Suppose 0 = v + 2*h - 27, y*v + 3*h = 4*v - 75. Calculate the remainder when v is divided by 18*(-3 + 10/3).
3
What is the remainder when 327 is divided by 12 - (2 + 3 + -8)?
12
Suppose 66*p = 67*p - 28. What is the remainder when 54 is divided by p?
26
Let r = 122 + 2. Suppose 0 = -5*u + 2*b + 115, -61*b = u - 66*b. Calculate the remainder when r is divided by u.
24
Let l(g) = -g**3 - 9*g**2 - 5*g - 7. Let j be l(-8). Let b = j - -43. Suppose 5*x - 97 = -b. What is the remainder when 32 is divided by x?
15
Let j = 1141 + -414. What is the remainder when j is divided by 81?
79
Let w = 40 + -35. Suppose 7*f = w*f + 162. What is the remainder when f is divided by 17?
13
Calculate the remainder when 55 is divided by (-69)/(-3) + (-12)/6.
13
Let s = 574 + -486. Suppose -5*h = -2 - 3. What is the remainder when s is divided by 36 + -4 + -2*h?
28
Suppose -359 = -18*z - 71. What is the remainder when 28 is divided by z?
12
Suppose -107 = -5*d + 4*y, -2*y + 30 = -2*d + 72. Calculate the remainder when 505 is divided by d.
22
Let b = 757 + -712. What is the remainder when b is divided by 16?
13
Suppose 17*z = 16*z + 65. Calculate the remainder when z is divided by 2/(-5) - 1218/(-70).
14
Let j(o) = 263*o**3 - 2*o**2 + o + 1. What is the remainder when j(1) is divided by 12?
11
Let u be 5*(-9)/(-30)*-2. Let p be 1/(-2)*(u + -121). Let q = 112 - p. What is the remainder when q is divided by 26?
24
Let r be (-2 + 3)*-3 - -6. Let t = 9 - r. Suppose 3*i - 9 = 4*n, 3*i - 4*i = 5*n - 22. What is the remainder when i is divided by t?
1
Let s(p) be the second derivative of p**4/12 - 5*p**3/6 - 25*p**2/2 - 25*p. Calculate the remainder when s(-13) is divided by 42.
41
Let n = 1122 - 976. What is the remainder when 325 is divided by n?
33
Let s be 2/(-21) - (-1462)/357. What is the remainder when 1 is divided by 72/(-48) - (-10)/s?
0
Let a(y) = y**2 + 19*y - 29. Suppose 5*k + 4*i + 125 = 0, 3*k - i = 6*k + 68. Calculate the remainder when a(k) is divided by 2.
1
Suppose 0 = 5*i - 3*a - 56, 2*i - 7*a - 20 = -5*a. Suppose 143 = 12*o - i. Calculate the remainder when 128 is divided by o.
11
Suppose -5*p + 76 = -p + 4*b, 4*b = 16. Let a(f) = -f**2 + 17*f + 9. Calculate the remainder when a(p) is divided by 14.
11
Suppose 2*c + 7*b = 4*b + 29, 65 = 5*c + 5*b. Suppose 2*o + o + 15 = 0. Let u = -2 - o. Calculate the remainder when c is divided by u.
1
Let p(j) = -j**3 + 3*j**2 + 5*j - 3. Suppose 18 = 4*z + 2. What is the remainder when 4 is divided by p(z)?
0
Let n be -9 + -17 - (1 - -3). Let l = n + 83. Let q = -5 - -19. What is the remainder when l is divided by q?
11
Suppose 36 + 36 = 9*t. What is the remainder when (-2639)/(-52) + 2/t is divided by 14?
9
Suppose o - 3*w - 42 = 76, -4*o + 5*w + 458 = 0. Suppose -4*z = -3*p + 147, p - o = -p - 2*z. Calculate the remainder when p is divided by 19.
15
Let h = 159 - 95. Let o be ((-12)/5 - (-11 + 9))*-265. Let m = o + -84. What is the remainder when h is divided by m?
20
Suppose -2*k - 44 + 118 = 5*n, 18 = 2*n - 5*k. Let p(v) = -v**2 + 13*v + 27. Calculate the remainder when 23 is divided by p(n).
10
Suppose -16*h + 310 = -282. Calculate the remainder when 813 is divided by h.
36
Let r = 219 - 132. Calculate the remainder when 260 is divided by r.
86
Let y(u) = -u**3 - 3*u**2 + 8*u + 6. Suppose 3*m - p + 7 = 3*p, m + 13 = -4*p. Let x be y(m). Let b = x - 8. Calculate the remainder when 30 is divided by b.
6
Let h = -104 + 67. Let z = 63 + h. What is the remainder when 74 is divided by z?
22
Let k = 385 + -345. What is the remainder when k is divided by 21?
19
Let f = 1 + 1. Suppose -11*j + 324 = -215. Suppose -f*o = 5*o - j. Calculate the remainder when o is divided by 5.
2
Suppose w - l = 106, -w = w - l - 217. Let z = w + 18. What is the remainder when z is divided by 33?
30
What is the remainder when 81 is divided by 6/10 - 1521/(-65)?
9
Calculate the remainder when 40 is divided by (4 + -5)*6*-1.
4
Let w(y) = -y**3 + 5*y**2 + 8*y - 3. Let b be w(6). Suppose -2*j + 33 - b = 0. Let a = 1628 + -1581. Calculate the remainder when a is divided by j.
11
Let d(s) = -3*s**3 - s**2 - 2*s - 3. Calculate the remainder when 206 is divided by d(-2).
17
Let w be (2/6)/((-7)/(-42)). Suppose -w*q + 21 = -13. Let a(s) = -s + 32. What is the remainder when a(q) is divided by 9?
6
Let u = 58 - 66. Let z be -2*(-11 - (-1 - -2)). Let v = u + z. Calculate the remainder when 31 is divided by v.
15
Suppose 5*g - 264 = -4*m, 15*m - 16*m - 4*g = -55. Calculate the remainder when 350 is divided by m.
66
What is the remainder when 2671 is divided by (-129)/(-215)*(-4 - -169)?
97
Let t be (96/10)/((-1)/(-30)). What is the remainder when t/60*(10 - 0) is divided by 17?
14
Let v = 8 - 2. Suppose -z + x = -2*z, -z - v = 4*x. Suppose -f + 0 = -z. What is the remainder when f is divided by 1?
0
Let k = -1 + 21. Let a be k/50*(-20)/(-2). Suppose -a*m = -v - 126, 6*m - v - 62 = 4*m. What is the remainder when m is divided by 11?
10
Suppose -5*w - y = -195 - 1411, -y = 4*w - 1285. Calculate the remainder when w is divided by 154.
13
Let v(w) be the third derivative of 13*w**4/8 + w**3/6 + w**2. Let z be v(6). Calculate the remainder when 75 is divided by 4/(-36) - z/(-9).
23
Let f(w) = w**3 - 5*w**2 - 4*w + 6. Let g be f(9). Let n be 25 + (-2 + 2 - 1). What is the remainder when 6/n + g/8 is divided by 10?
7
Suppose -6*t + 37 = -77. Calculate the remainder when 55 is divided by t.
17
Let t = 107 + -96. Suppose 0 = -t*w + 4*w + 112. What is the remainder when 173 is divided by w?
13
Suppose 5*c = 25, -3*c - 121 - 50 = -m. Calculate the remainder when m is divided by 45.
6
Let o(b) = b**2 + b - 1. Let f(a) = 9*a**2 + 7*a - 6. Let t(u) = f(u) - 5*o(u). What is the remainder when t(-4) is divided by 14?
13
Suppose 3*o - 19 = m, -3*m + 15 = -o - 8*m. Suppose -5*q + 29 = -3*q - o*g, -5*g = 15. Suppose u - 4 - q = 0. What is the remainder when 42 is divided by u?
9
Let i(k) = -231*k - 215. What is the remainder when 458/6 - 2/(-3) is divided by i(-1)?
13
Let i = 11 + -7. Let c = 473 + -458. Calculate the remainder when c is divided by i.
3
Suppose 0 = 3*c - 8*c + 340. What is the remainder when c/(8/2) - 0 is divided by 6?
5
Let r(l) = -l**2 - 2*l. Let j be r(-6). Let i(d) = -35*d. Let q be i(-1). Let g = j + q. What is the remainder when g is divided by 3?
2
Let x(j) = 4*j**3 + 2*j**2 - j + 2. Let g = 786 - 710. What is the remainder when g is divided by x(2)?
36
Calculate th